 c - o?
1
Let l be (-154)/(-42) + (-1)/(-3). Let w be (-34)/(-8) + (-1)/l. What is the tens digit of (-2 + w)/((-14)/(-119))?
1
Suppose -y = 5*h + 2*y - 4, 2*y + 4 = 0. Let w be (h/(-3))/((-6)/(-126)). Let m(j) = -j**3 - 15*j**2 - 16*j + 17. What is the units digit of m(w)?
5
Let v = 139 + -204. Let s = 134 + v. What is the units digit of s?
9
Let l(t) = t**3 - 8*t**2 + 9*t - 5 + 0*t + t - 2. Let c be l(6). Let j = c - -22. What is the units digit of j?
3
Let z = -1 - 3. Let s be (-1358)/(-154) - z/22. What is the tens digit of ((-64)/(-24))/(2/s)?
1
Let l(a) = a**2 - 29*a + 2565. What is the hundreds digit of l(0)?
5
Let i(w) be the third derivative of -w**4/12 + 52*w**3/3 - 18*w**2. What is the units digit of i(0)?
4
Let p(h) = 19*h**2 + 56*h + 20. What is the tens digit of p(-12)?
8
Let k = 110 + -184. Let t = 147 - k. What is the tens digit of t?
2
Let x be -4 + 6 - 0/(-3). Suppose -3*b + x*b = -33. What is the tens digit of b?
3
Suppose 292 = q - 88. What is the units digit of q?
0
Let x = -15 + 19. Suppose -4*w + x + 4 = 0. Suppose w*y - 61 = -3*k, y - 83 = -2*k - 2*k. What is the tens digit of k?
2
Let y(q) = q**3 - 24*q**2 + 4*q + 123. What is the units digit of y(28)?
1
Let r(b) = 3*b**2 - b - 7*b + 9*b**2 - 6*b - b**3 + 15. Let p be r(11). Let g = -8 - p. What is the tens digit of g?
1
Let y = 8 - 4. Let r be (-14 + 17 + -3)*(-1)/(-2). Suppose 2*q + 3*c = -2*q + 43, y*q - 5*c - 3 = r. What is the units digit of q?
7
Let c = -134 + 141. Suppose -4*w = -a - c*w + 259, 2*a - 3*w - 554 = 0. What is the hundreds digit of a?
2
Suppose 6*q + 16 = -2*q. What is the tens digit of (q - ((-69)/15 + 3))*-30?
1
Suppose 1099*o - 1101*o + 538 = 0. What is the tens digit of o?
6
Let s be 3/2*12/9. Suppose 0 = 4*n + 4*c + 4, s + 6 = -4*c. What is the tens digit of (n/(-2))/((-9)/324)?
1
Let h(f) = -f**3 - 2*f**2 + 4*f + 2. Let a be h(-3). What is the units digit of (a - -7)/(3/2)?
4
Let x(g) = g**3 - 6*g**2 - 4*g - 13. Let k be x(7). Let j = k - -49. What is the tens digit of j?
5
Let y(v) = -10*v**3 - v**2 + 1. Let z be y(-1). Suppose -6*f + z = -f. Suppose -f*o = o - 63. What is the tens digit of o?
2
Suppose 54987 - 338487 = -45*d. What is the units digit of d?
0
Suppose -a - 35 = -6*a. Suppose 6*r + 4 = a*r. Suppose 0 = 3*n - r*l - 109, 0 = 2*l + 3*l - 25. What is the tens digit of n?
4
Suppose p = 1640 + 1645. What is the hundreds digit of p?
2
Suppose 0 = 6*v - 4 - 8. Suppose v + 4 = -d. Let x(z) = 4*z**2 + 15*z + 2. What is the tens digit of x(d)?
5
Suppose -2*p = -4*h + 6166, -2*h = -4*p + 5*p - 3093. What is the units digit of h?
4
What is the hundreds digit of (1 - -2896) + 3 + (-5)/1?
8
Let v(q) = -9*q - 14. Let p(i) = -19*i - 28. Let x(f) = 6*p(f) - 13*v(f). What is the tens digit of x(5)?
2
Suppose -5*j - 1607 = 4*f, -5*j + 0*j = 15. What is the units digit of ((-15)/6)/5*f?
9
Suppose -g + 0*g = 4. Let j be -41 + -14 - (g + 0). Let d = j + 76. What is the units digit of d?
5
Let v(n) = -3*n**2 + 3*n + 32. Let j(l) = -7*l**2 + 6*l + 63. Let t(p) = 2*j(p) - 5*v(p). What is the tens digit of t(12)?
7
Suppose -5*h = 5*l - 12930, -2*l = 34*h - 35*h - 5160. What is the thousands digit of l?
2
Suppose -2 = -4*r + 6. Suppose r*l = 78 + 170. Let b = l - 46. What is the tens digit of b?
7
Suppose -h = -0*h - 51. Suppose h = 2*g + g. What is the units digit of 1972/g*2/4?
8
Let o = 4119 + 512. What is the units digit of o?
1
Let w(a) = -2*a**3 + 11*a**2 - 27*a. Let f(s) = 3*s**3 - 21*s**2 + 53*s + 1. Let d(y) = -3*f(y) - 5*w(y). What is the tens digit of d(-10)?
3
Let a = 3 + -2. Let m(d) be the first derivative of 49*d**4/4 - d**3/3 + d**2 - d - 76. What is the units digit of m(a)?
9
Let u(i) be the third derivative of i**5/60 + 5*i**4/24 + 5*i**3/3 + 5*i**2. What is the tens digit of u(-15)?
6
Let w(q) = q**3 - 8*q**2 - 2*q + 47. Let r be w(9). Suppose -20 = -4*d, 2*b = -d + 399 + r. What is the hundreds digit of b?
2
Let r(v) = v**2 - 5*v + 11. Let a be r(4). Let z(m) = -m**3 + 8*m**2 + 11*m + 3. What is the hundreds digit of z(a)?
1
Let v(a) = 26*a - 11. What is the tens digit of v(17)?
3
What is the units digit of 967556/870 - (-4)/(-30)?
2
What is the tens digit of 0 + -2 - (-13389)/3?
6
Suppose -6*p = -6 - 12. Suppose -p*h + 7 = 4. What is the units digit of h?
1
What is the units digit of (-4)/(-1)*4225/50?
8
Let a be 132/9 + 2/(-3). Suppose 18*g - 132 = a*g. Suppose 5*t - g - 1 = -3*c, 0 = -3*t - 4*c + 27. What is the units digit of t?
5
Let q(b) = -b**2 - 5*b - 1. Let d be q(-4). Suppose 0 = -2*i - d*i + 225. What is the units digit of i?
5
Let g = 3535 - -304. What is the hundreds digit of g?
8
Let n be 40*((-81)/(-6))/9. Suppose -2*g = 2*g + 16, -4*z - 5*g = -n. What is the units digit of z?
0
Let w(o) be the second derivative of o**5/20 + o**4 - 5*o**3/3 - 17*o**2 - 46*o. What is the tens digit of w(-12)?
8
Suppose 5*c + 3*v = 13, 0*v + 17 = c - 3*v. Suppose -c*x + 24 = -k, 2*k = -3*x + 5*k + 12. Suppose -o + 6 = a, -4*o + 9*o = x*a. What is the units digit of o?
3
Let s(r) = -r**3 + 9*r**2 - r + 8. Let o be s(9). Let u be 1/(o/(-2)) + -10. What is the tens digit of 176/6 - u/12?
3
Let b = -1487 + 2101. What is the tens digit of b?
1
Suppose 391 + 1079 = 5*h. What is the units digit of h?
4
Let z be (-5)/(-5)*2/(-2). Let y = 7 - z. Suppose 2*s = 5*h + 51, y*s - 2*h = 4*s + 78. What is the tens digit of s?
1
Let q = 4759 + -3398. What is the units digit of q?
1
Let z be -2 - -2*10/4. Suppose -5*a = z*u - 8*u + 10, -2*u - 4 = 0. What is the units digit of 3 + 1 + 9 + a?
9
Let i = -4432 + 6300. What is the units digit of i?
8
Suppose 3*y - y + 5*i - 5 = 0, -3*i + 3 = -2*y. Suppose 6*s - 11*s + 600 = y. What is the hundreds digit of s?
1
Let t = -5 - 2. Suppose -5*s = 5*y - 120, 4*y + 12 = -s + 99. Let d = y + t. What is the units digit of d?
4
What is the tens digit of (-3 + 3 + 2)*(-7704)/(-16)?
6
Suppose -12*l + 1845 = -7*l. What is the units digit of l?
9
Let g = 222 + -32. What is the hundreds digit of g?
1
Let r(c) = c**2 + 4*c + 5. Let q(b) = -5*b**2 - 15*b - 19. Let h(t) = 2*q(t) + 9*r(t). Let i = 13 - 8. What is the units digit of h(i)?
2
Let o(u) = -u**3 - 7*u**2 - 3*u + 4. Let h be o(-8). Suppose h = 6*j - 5*j. What is the tens digit of j?
9
Let b(n) be the third derivative of -n**6/120 + 3*n**5/20 + n**4/24 - 4*n**3/3 - 13*n**2. What is the units digit of b(8)?
4
Let b(c) = -17 - 63*c + 137*c - 60*c. What is the tens digit of b(5)?
5
Let r(k) = 2*k**2 + 28*k - 30. What is the units digit of r(17)?
4
Suppose 4*t - 12 = 0, 0*t - 2*t - 1309 = -5*z. What is the tens digit of z?
6
Let h(q) = 4*q**2 - 4*q - 8. Let d be h(5). Let b = d + -4. What is the tens digit of b?
6
What is the tens digit of ((-175)/4)/(378/384 - 1)?
0
Let c(i) = -i**3 - 4*i**2 + 5. Let a = -8 - -4. Let x be c(a). What is the units digit of 20/x*(-10)/(-8)?
5
Let p(d) = -d**3 - 17*d**2 + d + 21. Let m be p(-17). Suppose -y + 233 = m*u, 0*u + 55 = u - 3*y. What is the units digit of u?
8
Let x(z) = -z**3 + 3*z**2 - 1. Let s be x(1). Suppose s = b - 30. What is the tens digit of b?
3
Let l(i) = -2*i - 3. Let o be l(-3). Let d(f) = -5*f - 9 - 15*f + 41*f - 11*f. What is the tens digit of d(o)?
2
Suppose 5*a - 9*a - 6684 = -4*n, -a = -5*n + 8339. What is the hundreds digit of n?
6
Let p(h) = 32*h**2 - 13*h + 19. What is the thousands digit of p(12)?
4
Let c be 294/12*120/14. Let u = -145 + c. Suppose -2*n = 2*k - 74, -2*k + n + 15 = -u. What is the tens digit of k?
3
Suppose -2*p - 7 = -4*p + 5*a, 4*p - 3 = -a. What is the tens digit of -4 + 4 - p - -24?
2
Suppose n + 4*b = 1958, -3*b = 4*n + b - 7892. What is the hundreds digit of n?
9
Let y(m) = 124*m**2 + 5*m - 14. What is the tens digit of y(2)?
9
Suppose m = 2*n - 10, -2*n + 10 = 2*m + 2*m. Suppose m = z, 4*z - 1000 = -0*c - 5*c. What is the tens digit of c?
0
Suppose 1181*i - 1183*i + 316 = 0. What is the units digit of i?
8
Suppose -18810 = -11*d - 8*d. What is the tens digit of d?
9
Suppose -2*g = -2, 2*g = 78*c - 75*c - 15082. What is the tens digit of c?
2
Suppose 20*v - 3585 = 295. What is the tens digit of v?
9
Suppose 0 = -20*y - 1239 + 3479. What is the units digit of y?
2
Let r(x) = -21*x - 185. What is the units digit of r(-12)?
7
Suppose 1021*x = 1036*x - 13320. What is the units digit of x?
8
